85*l + 44. Calculate h(-6).
2
Let o(j) = 2*j**2 + 66*j - 1257. Give o(-41).
-601
Let f(d) = 845*d - 5909. Determine f(7).
6
Let x(s) = -s**2 - 93*s - 1896. Give x(-60).
84
Let n(l) = l**3 + 46*l**2 - 204*l - 207. Determine n(-50).
-7
Let j(y) = 2*y**2 + 31*y - 130. Determine j(-19).
3
Let n(m) = m**3 - 18*m**2 + 69*m + 55. Give n(7).
-1
Let r(s) = -s**2 - 3*s - 37. Determine r(-22).
-455
Let h(w) = w**3 + 29*w**2 + 121*w + 20. Calculate h(-24).
-4
Let v(n) = 5*n**2 - 103*n - 51. Give v(21).
-9
Let w(v) = v**3 - 10*v**2 - 21*v - 35. What is w(12)?
1
Let m(f) = f**3 - 55*f**2 - f + 128. Give m(55).
73
Let w(q) = 44*q - 6. Give w(1).
38
Let w(k) = k**2 + 36*k - 2091. Calculate w(32).
85
Let k(s) = 27*s - 1648. Give k(56).
-136
Let q(n) = 2*n**3 - 159*n**2 + 236*n - 65. Determine q(78).
91
Let s(w) = 2*w**2 - 222*w + 6101. What is s(61)?
1
Let p(a) = -a**2 - 17486*a - 34968. What is p(-2)?
0
Let u(z) = -5*z**3 - z**2 - 5*z - 7. Give u(-3).
134
Let g(f) = 20*f - 629. What is g(31)?
-9
Let h(w) = -w**3 + 55*w**2 + 52*w + 409. Give h(56).
185
Let d(a) = 5*a**3 + 507*a**2 + 202*a - 5. Calculate d(-101).
-5
Let m(u) = -2*u**3 - 197*u**2 - 3527*u - 154. Give m(-75).
-4
Let j(h) = 3*h**2 + 321*h - 320. What is j(-108)?
4
Let h(p) = -599*p**2 - 8*p + 2. Calculate h(1).
-605
Let b(g) = -12*g - 273. Calculate b(-23).
3
Let c(t) = 10121*t - 121450. Give c(12).
2
Let h(k) = -6*k**3 - 74*k**2 - 23*k + 1. Determine h(-12).
-11
Let b(h) = -h**3 - 77*h**2 - 147*h + 240. What is b(-75)?
15
Let a(o) = -o**3 - 17*o**2 - 11*o + 8. What is a(-14)?
-426
Let m(q) = 3*q**2 - 31*q - 85. Give m(16).
187
Let r(t) = 365*t + 6583. Give r(-18).
13
Let l(m) = 28*m + 208. Calculate l(-5).
68
Let i(u) = -502*u + 1308. What is i(3)?
-198
Let d(n) = n**3 - 83*n**2 + 730*n - 8. What is d(73)?
-8
Let o(r) = -21*r - 604. Determine o(-12).
-352
Let c(j) = j**3 - 53*j**2 + 240*j + 3. Determine c(5).
3
Let l(n) = -15*n - 164. Calculate l(-6).
-74
Let l(f) = -233*f + 3276. Give l(14).
14
Let w(z) = -8*z**2 + 2*z + 86. What is w(8)?
-410
Let k(d) = 4*d**2 - 14*d + 62. What is k(3)?
56
Let z(d) = -12*d - 80. Determine z(-8).
16
Let g(f) = 2*f**3 + 17*f**2 + 13*f + 73. Give g(-8).
33
Let j(d) = -22*d**2 + 157*d + 172. Determine j(-1).
-7
Let l(b) = -64*b + 437. Give l(0).
437
Let o(b) = b**2 - 8*b - 347. Calculate o(-12).
-107
Let y(m) = 2*m**2 - 134*m - 847. Give y(-6).
29
Let y(t) = -t**3 - t**2 + 120*t - 101. What is y(10)?
-1
Let j(d) = -474*d + 11355. Determine j(24).
-21
Let c(w) = 4*w**3 + 6*w**2 + 12*w + 26. Determine c(-2).
-6
Let s(k) = -746*k - 12615. Calculate s(-17).
67
Let a(j) = 2*j**3 - 19*j**2 - 11*j - 34. Give a(11).
208
Let h(i) = 2*i**3 + 64*i**2 + 379*i - 33. Determine h(-8).
7
Let d(j) = -465*j - 1398. Calculate d(-3).
-3
Let o(v) = v**3 + 11*v**2 + 20*v + 236. What is o(-11)?
16
Let b(j) = -59*j**2 - 501*j - 8. Give b(-9).
-278
Let h(k) = 19*k + 625. Calculate h(-33).
-2
Let l(z) = -2059*z - 6200. Give l(-3).
-23
Let q(s) = 17*s + 242. What is q(-13)?
21
Let a(m) = 2*m**2 - 43*m - 103. Determine a(13).
-324
Let t(x) = 27*x + 142. Calculate t(-3).
61
Let m(a) = 60*a + 20. Determine m(-1).
-40
Let m(r) = 95*r - 493. What is m(5)?
-18
Let t(w) = -4*w**3 + 4*w**2 + 38*w + 20. Calculate t(-4).
188
Let d(b) = 44*b + 9518. Determine d(-216).
14
Let w(y) = 722*y + 273642. Calculate w(-379).
4
Let a(n) = n**3 + 10*n**2 + 14*n + 87. What is a(-9)?
42
Let k(g) = -2*g**3 + 6*g**2 + 31*g + 26. Determine k(6).
-4
Let s(c) = 108*c - 9799. Give s(91).
29
Let v(x) = 2*x + 4. What is v(16)?
36
Let h(d) = 573*d - 557. Determine h(1).
16
Let w(s) = 3*s**2 + 27*s + 70. What is w(-7)?
28
Let i(m) = -9*m**2 + 19*m + 18. Determine i(-1).
-10
Let q(m) = m**3 + 9*m**2 + 6*m + 40. What is q(-8)?
56
Let k(u) = 36*u**2 - 80*u + 82. Determine k(1).
38
Let j(f) = 15*f - 329. What is j(23)?
16
Let i(b) = b**3 - 226*b**2 + 249*b - 5398. What is i(225)?
2
Let f(n) = 14*n + 1228. Determine f(-88).
-4
Let v(b) = 54*b - 219. What is v(1)?
-165
Let x(r) = -7*r - 59. Give x(-10).
11
Let q(k) = -434*k + 18235. Determine q(42).
7
Let x(k) = -k**3 - 78*k**2 - 156*k - 296. Calculate x(-76).
8
Let j(f) = 5*f**2 + 7*f + 6. What is j(3)?
72
Let o(m) = -909*m - 2751. What is o(-3)?
-24
Let n(j) = -43*j + 1986. Calculate n(45).
51
Let r(z) = z**2 + 474*z - 15. Determine r(0).
-15
Let m(p) = -836*p + 132. Calculate m(-1).
968
Let y(a) = -a**3 - 19*a**2 - 38*a - 357. What is y(-18)?
3
Let l(w) = w**3 - 29*w**2 - 128*w + 2035. Give l(31).
-11
Let g(q) = q**3 + 22*q**2 + 20*q + 28. Give g(-21).
49
Let l(p) = -68*p - 24. Give l(-2).
112
Let a(b) = -981*b + 9835. Calculate a(10).
25
Let q(c) = 83*c + 87. Determine q(-1).
4
Let z(l) = l**3 - 5*l**2 + 4. Give z(6).
40
Let b(y) = 7*y - 169. Calculate b(30).
41
Let h(g) = g**3 - 11*g**2 - 19*g + 69. Calculate h(12).
-15
Let r(b) = -b**3 - 33*b**2 + 80*b + 355. Determine r(-35).
5
Let l(q) = 6*q**3 - 35*q**2 + 54*q - 359. What is l(6)?
1
Let u(g) = 9*g**2 - 41*g - 198. What is u(-4)?
110
Let x(c) = 124*c - 2931. Calculate x(23).
-79
Let g(j) = 37*j + 186. Calculate g(-6).
-36
Let l(n) = -11*n - 30. Calculate l(7).
-107
Let u(y) = -120*y - 411. Calculate u(-4).
69
Let k(c) = -2*c**2 + 246*c + 252. What is k(124)?
4
Let w(t) = -t**2 + 24*t - 35. Give w(10).
105
Let u(b) = 43*b - 54. Calculate u(-3).
-183
Let p(s) = s**3 + 69*s**2 + 200*s - 61. What is p(-66)?
-193
Let x(h) = -149*h - 18365. Determine x(-123).
-38
Let y(j) = -26*j**2 - 14*j + 1. What is y(1)?
-39
Let c(x) = -2*x**3 - 26*x**2 - 9*x + 11. Calculate c(-12).
-169
Let t(k) = -k**2 - 36*k - 270. Give t(-19).
53
Let u(b) = -78*b**2 - 164*b - 165. Determine u(-1).
-79
Let s(l) = 65*l**2 - 37*l - 36. What is s(-1)?
66
Let c(r) = r**3 + 23*r**2 + 131*r - 31. Give c(-8).
-119
Let x(o) = 416*o + 3768. What is x(-9)?
24
Let h(p) = -16*p**2 + p + 1. Determine h(-3).
-146
Let c(x) = -x**2 + 51*x + 967. Calculate c(-23).
-735
Let a(c) = -879*c + 28134. Determine a(32).
6
Let v(w) = -2*w**3 + 96*w**2 + 49*w - 2345. What is v(48)?
7
Let n(w) = 14*w**2 + 16*w - 58. Calculate n(-3).
20
Let t(x) = x + 36. Give t(-16).
20
Let s(w) = -w**3 - 14*w**2 - 10*w - 56. What is s(-13)?
-95
Let z(y) = -16*y + 117. Give z(10).
-43
Let s(i) = -537*i + 2023. Determine s(4).
-125
Let i(s) = s**3 + 14*s**2 - 10*s + 306. What is i(-15)?
231
Let u(a) = -2*a**2 + 137*a - 1447. What is u(13)?
-4
Let l(m) = -1711*m - 10267. What is l(-6)?
-1
Let s(q) = 25*q + 326. Calculate s(-12).
26
Let n(c) = 67*c - 155. Determine n(3).
46
Let f(z) = 27*z + 60. Determine f(3).
141
Let w(l) = -23*l + 571. Calculate w(25).
-4
Let s(i) = -70*i + 925. What is s(12)?
85
Let q(v) = -v**3 + 7*v**2 + 12*v - 42. Determine q(5).
68
Let p(m) = 3*m**2 - 6*m - 11. What is p(7)?
94
Let w(q) = q**3 + 45*q - 56. What is w(0)?
-56
Let s(g) = 33*g + 5203. Calculate s(-157).
22
Let y(v) = v**3 + 16*v**2 + 36*v - 5. What is y(-13)?
34
Let f(j) = j**2 + 26*j + 40. Give f(-25).
15
Let i(w) = 103*w - 346. Determine i(10).
684
Let b(f) = 2*f**3 + 11*f**2 + 8*f + 96. Calculate b(-6).
12
Let k(d) = -371*d + 1500. Give k(4).
16
Let d(c) = 2*c**2 + 241*c - 877. Determine d(-124).
-9
Let n(k) = 2*k**2 - 10*k + 200. Determine n(10).
300
Let b(r) = 10*r - 372. Give b(37).
-2
Let p(i) = -5*i**2 - 180*i - 117. Calculate p(-35).
58
Let n(g) = -8*g + 638. Give n(78).
14
Let p(w) = 134*w - 5225. Determine p(39).
1
Let f(l) = 134*l + 821. Calculate f(-6).
17
Let h(w) = -6*w**2 + 73*w - 242. Calculate h(8).
-42
Let k(m) = 2*m**3 + 87*m**2 - 33*m + 499. Give k(-44).
15
Let w(r) = -3*r**3 - 20*r**2 + 14*r + 38. Calculate w(-7).
-11
Let l(y) = -y**3 + 11*y**2 + 41*y - 234. Determine l(13).
-39
Let b(q) = 7*q**2 + 302*q + 93. Give b(-43).
50
Let z(t) = t**2 - 19*t - 24. Calculate z(16).
-72
Let k(p) = -50*p**3 - 3*p**2 + 5*p. Determine k(2).
-402
Let b(w) = 4*w**2 + 2*w + 97. What is b(0)?
97
Let b(w) = -57*w + 2624. What is b(46)?
2
Let l(g) = -2*g**2 - 43*g + 1050. Calculate l(-36).
6
Let r(u) = -41*u**2 + 119*u - 2. Give r(3).
-14
Let n(j) = -152*j - 191. Give n(-1).
-39
Let q(j) = -500*j - 4165. What is q(-8)?
-165
Let u(c) = -194*c - 3030. Calculate u(-16).
74
Let z(i) = 396*i - 140581. Give z(355).
-1
Let w(f) = -894*f + 881. Calculate w(1).
-13
Let p(w) = -w**2 - 16*w + 220. Give p(-21).
115
Let f